atest common divisor of k and 56?
56
Let f = -99 - -160. Let t = f - 43. Suppose 0 = -2*v + 57 + 51. What is the highest common factor of t and v?
18
Let d = 952 - 948. What is the highest common divisor of 100 and d?
4
Let v(a) = -a**3 + 9*a**2 - 9*a + 10. Let p(s) = -s**3 - s + 8. Let f = -18 + 18. Let n be p(f). Let c be v(n). Calculate the highest common divisor of 5 and c.
1
Let k(x) = -2*x**2 + 17*x - 9. Let u be k(7). Calculate the greatest common divisor of u and 4.
4
Let n be 3/6 - 15/2. Let o = 10 + n. Suppose 11*x - 4*x = 168. Calculate the greatest common divisor of x and o.
3
Let i = 6 - 6. Suppose i*x - 3 = -x. Suppose -4*o + 4*u + 20 = -144, -5*o = x*u - 213. Calculate the greatest common factor of 6 and o.
6
Let c(p) = 19*p - 46. Let f be c(16). Let n = -104 + f. What is the highest common divisor of n and 14?
14
Let h(c) = -2*c + 20. Let y be h(-8). Let o = 47 - y. Calculate the highest common factor of 99 and o.
11
Suppose -17*m + 5*m + 648 = 0. What is the highest common divisor of 18 and m?
18
Let d be 3*(176/(-12))/(-4). Let o = 10 - d. Let k be (10/(-6))/(o/15). Calculate the greatest common factor of 275 and k.
25
Suppose 2 = -2*z, 11*z = 2*w + 7*z - 452. What is the highest common divisor of w and 160?
32
Let u(q) = 10*q**2 - 16*q - 15. Let m be u(-1). Calculate the greatest common divisor of 143 and m.
11
Let j(u) = 1104*u**2 + 24*u - 1. Let i be j(1). What is the highest common divisor of 23 and i?
23
Suppose -10*u = -26*u + 4752. What is the highest common factor of u and 22?
11
Let h be (-2)/(19/7 + -3). Let o = 8 - h. Let z be (-7 + (4 - 0))*14/(-6). Calculate the greatest common factor of o and z.
1
Let b = 18 + -8. Let k be 6/30 - (-88)/b. What is the highest common factor of 72 and k?
9
Let t be 9/(-6)*(-30)/9. Suppose 0*c + 110 = t*c. Suppose -4*p + 6*p = c. Calculate the highest common factor of p and 88.
11
Let v = -17 - -5. Let t(g) = -g**3 - 11*g**2 + 10*g - 12. Let s be t(v). Calculate the greatest common factor of 60 and s.
12
Suppose -196 = -22*s + 24*s. Let a be (-2)/3*135/30 - s. Suppose -3*i + 3 = 6, -2*i = q - 36. Calculate the highest common factor of a and q.
19
Let p(d) = d. Let u be p(2). Let b(i) = i**3 + 14*i**2 - 15*i + 4. Let t be b(-15). Suppose -2 = 3*l - t*l. What is the greatest common factor of l and u?
2
Suppose 0*g - g - 2*k = -89, 4*g + k - 363 = 0. Suppose 9*l + g = 10*l. Calculate the highest common divisor of l and 13.
13
Let p = -1882 - -1987. Calculate the highest common factor of 1995 and p.
105
Let b be (-2)/(4/(-14)) - -1. Let x be -13 - -18 - (4/4*-1 - 58). What is the highest common divisor of x and b?
8
Let s(r) = 18*r**2 - 5*r + 8. Let x be s(3). Suppose m = -5*d + x + 13, d + m - 36 = 0. What is the highest common factor of d and 297?
33
Suppose 2*c = 3*l + 101, -2*c + l + 134 = 31. Let m = c - 50. Calculate the highest common factor of m and 2.
2
Suppose 0 = -2*g - o + 9 + 35, 2*g - 36 = o. Calculate the greatest common factor of 50 and g.
10
Let b be (-30 - -1) + (-5)/(-5). Let s be (-1 - b)*(-4)/2. Let h = s - -117. What is the highest common factor of h and 42?
21
Let d be 166 - (2/(-6) + (-5)/3). Let k be (-28)/(-24)*-2*-9. Calculate the greatest common factor of k and d.
21
Suppose -t = -13 - 5. Calculate the greatest common factor of t and 126.
18
Suppose 4*l = 4, -l + 6*l - 275 = -5*v. Suppose 9*z + 568 = -116. Let x be 5/((-20)/z) + -1. What is the highest common factor of v and x?
18
Let u be ((-126)/(-10))/(-10 + (-1442)/(-140)). What is the highest common divisor of u and 798?
42
Let a = -161 - -84. Let g = a + 115. What is the greatest common factor of g and 114?
38
Suppose 0 = 4*k - 2*c - 3*c - 16, -k = -c - 4. Let g = -2 - k. Let o be 33 + -1 - (-9 - g). What is the highest common factor of o and 14?
7
Suppose c + 5*k = 180, 0 = 4*c - 3*k + 4*k - 701. What is the highest common divisor of 7 and c?
7
Suppose -15 = -8*y + 209. What is the greatest common factor of 252 and y?
28
Let u be ((-6)/(-2))/(6/8). Suppose 0 = -5*c + 2*o + 37, -u*o + 6 = -10. Let z be 2/30*(-90)/(-5)*60. What is the highest common factor of z and c?
9
Suppose -5*x + 57 = -3. Suppose -246 = 5*m - 3*g, -5*m - g = -2*m + 142. Let n = m + 78. Calculate the highest common factor of x and n.
6
Suppose 0*h + 15*h = 555. Suppose -5*s = 4*y - 7, 9*y - 5*y - h = s. Calculate the highest common factor of 56 and y.
8
Let u be 11 + (-72)/84 - 1/7. Suppose 240 = -2*o + 5*o. Calculate the greatest common divisor of o and u.
10
Let y be (3 + -9)*2/(-3). Suppose -3*b + 4*b = -3*o, 0 = -y*b - o. Suppose 14 = -b*c + c. What is the highest common divisor of c and 14?
14
Let m = -30 + 44. Suppose -2*v = -3 - 5. Suppose -4*r = -v*g - 20 - 28, 6 = 3*r + 3*g. What is the highest common divisor of m and r?
7
Suppose 117 = 5*m + 17. Suppose 0 = -44*d + 6*d + 304. What is the greatest common factor of m and d?
4
Let g be (34/8 - 4)/(2/24). Suppose -24*l + 966 = -g*l. Let k be (1 - 1)/1 + 69. What is the greatest common factor of l and k?
23
Let d(j) = 5*j**2 - 11*j + 17. Let h(c) = 6*c**2 - 11*c + 18. Let n(g) = 4*d(g) - 3*h(g). Let a be n(11). What is the greatest common divisor of 54 and a?
27
Suppose -823 = -5*a + 402. Suppose -a = -4*k - 85. What is the greatest common factor of 4 and k?
4
Let o be (-3609)/(-54) - (-1)/6. What is the highest common factor of 737 and o?
67
Suppose -2*u + 9 = -1. Let k be (-2 + 1 + 1)/2. Suppose -2*c = -4*n - k*c + 90, n = -4*c. What is the highest common factor of n and u?
5
Suppose -5*r + 20*r = 1395. Calculate the highest common factor of 31 and r.
31
Suppose -14*x + 487 + 437 = 0. What is the greatest common divisor of x and 209?
11
Let g be 28/6*(-24)/(-28). Let d(r) = 2*r**3 - 4 - 6*r**3 + 2 - r. Let j be d(-2). Calculate the greatest common factor of g and j.
4
Let a(n) = -n**3 + 11*n**2 + 27*n - 27. Let d be a(12). What is the greatest common divisor of 9 and d?
9
Let n(r) = -6*r. Let d be n(-11). Suppose -3*u = -42 - d. What is the highest common divisor of u and 18?
18
Let r be ((-10260)/105)/(3/(-63)). What is the greatest common factor of 54 and r?
54
Let o(z) = -z**3 + 8*z**2 - 8*z - 2. Let v be o(7). Let c(t) = -8*t + 7. Let k be c(v). Let r = k - 47. Calculate the greatest common divisor of r and 4.
4
Suppose -40 = -5*a + 35. Let s be ((-24)/(-10))/((-18)/2925). Let t be (-11)/(55/s) - 3. Calculate the highest common divisor of t and a.
15
Suppose d = 3*j + 22 + 303, -2*j + 658 = 2*d. What is the greatest common divisor of d and 41?
41
Suppose 16*r - 18*r + 14 = 0. Suppose 4*x + 0*x = -4*y + 244, -5*x + 193 = 3*y. Calculate the highest common divisor of r and y.
7
Suppose -9 - 26 = -7*p. Let y(o) = -43*o - 1. Let c be y(-1). Suppose -8 = -5*h + c. Calculate the highest common divisor of h and p.
5
Suppose 12*z - 15*z + 35 = 2*a, -5*z + a + 80 = 0. Let h(m) = 11*m + 1. Let t be h(4). What is the greatest common divisor of t and z?
15
Let y(c) = -2*c**3 - 30*c**2 + 25*c + 28. Let n be y(-17). What is the greatest common divisor of 33 and n?
33
Let j = -10 - -11. Suppose 2*k + k - 21 = 0. Let z = k + j. Calculate the highest common divisor of z and 16.
8
Let q(a) = 160*a**2 + 41*a - 2. Let t be q(3). What is the highest common divisor of t and 7?
7
Let o(t) = -2*t**2 + 16*t - 16. Let d be o(4). What is the greatest common divisor of 88 and d?
8
Suppose 5*b - 648 = -4*b. Let h = -80 + 154. Suppose -3*t = 2*i + i - 69, h = 3*t + 4*i. What is the highest common factor of b and t?
18
Let x be ((-336)/140)/(((-4)/30)/1). Calculate the greatest common factor of 168 and x.
6
Suppose -6*l = 4*m - 2*l - 4, 3*l + 5 = -m. Calculate the highest common divisor of 178 and m.
2
Let i(l) = l**3 - 4*l**2 - 10*l + 8. Let d be i(6). Suppose 5*g = d*g - 210. Calculate the highest common divisor of g and 112.
14
Let o(h) = h**2 + 10*h - 19. Let v be o(-15). Calculate the greatest common divisor of v and 8.
8
Let p = 168 - -82. Suppose 19*w = 18*w + p. Calculate the greatest common factor of 25 and w.
25
Let x be (-243)/(-24) + (-2)/16. Suppose -7*h - x = -122. Calculate the greatest common divisor of h and 208.
16
Suppose 0 = 2*j - 3*b - 17, 0 = -2*j - 2*j - b + 13. Suppose 0*d = d - j. Calculate the highest common factor of d and 8.
4
Let d(t) = 91*t + 9. Let c be d(1). Calculate